{"id":22,"date":"2016-09-02T11:04:22","date_gmt":"2016-09-02T09:04:22","guid":{"rendered":"http:\/\/fabian.wetterauer.de\/?page_id=22"},"modified":"2025-05-21T17:26:40","modified_gmt":"2025-05-21T15:26:40","slug":"home","status":"publish","type":"page","link":"https:\/\/stroppel-meckenbeuren.de\/","title":{"rendered":"Home"},"content":{"rendered":"<div style=\"height: 350px\" data-midnight=\"nectar-slider\" class=\"parallax_slider_outer first-section\"><div style=\"height: 350px\"  data-transition=\"slide\" data-overall_style=\"classic\" data-flexible-height=\"true\" data-animate-in-effect=\"slide-down\" data-fullscreen=\"false\" data-button-sizing=\"regular\" data-button-styling=\"btn_with_count\" data-autorotate=\"3500\" data-parallax=\"true\" data-full-width=\"false\" class=\"nectar-slider-wrap \" id=\"ns-id-6a04ddead0ea2\">\r\n\t\t\t<div style=\"height: 350px\" class=\"swiper-container\"  data-tho=\"auto\" data-tco=\"auto\" data-pho=\"auto\" data-pco=\"auto\" data-loop=\"true\" data-height=\"350\" data-min-height=\"\" data-arrows=\"false\" data-bullets=\"false\" data-bullet_style=\"see_through\" data-desktop-swipe=\"true\" data-settings=\"\">\r\n\t\t\t\t    <div class=\"swiper-wrapper\"><div class=\"swiper-slide\" data-bg-alignment=\"center\" data-color-scheme=\"light\" data-x-pos=\"left\" data-y-pos=\"middle\"> \r\n\t\t\t\t\t\t\t\t<div class=\"image-bg\" style=\"background-image: url(https:\/\/stroppel-meckenbeuren.de\/wp-content\/uploads\/2016\/09\/Reifen1.png);\"> &nbsp; <\/div><div class=\"container\">\r\n\t\t\t\t\t\t\t\t\t<div class=\"content\"><h2>Willkommen bei STROPPEL !<\/h2><p  ><span>Reifen - R\u00e4der - Autoservice<\/span><\/p><\/div>\r\n\t\t\t\t\t\t\t\t<\/div><!--\/container--><a href=\"#\" class=\"slider-down-arrow\"><i class=\"icon-salient-down-arrow icon-default-style\"> <span class=\"ie-fix\"><\/span> <\/i><\/a><div class=\"video-texture active_texture\"> <span class=\"ie-fix\"><\/span> <\/div><\/div><!--\/swiper-slide--><div class=\"swiper-slide\" data-bg-alignment=\"center\" data-color-scheme=\"light\" data-x-pos=\"left\" data-y-pos=\"middle\"> \r\n\t\t\t\t\t\t\t\t<div class=\"image-bg\" style=\"background-image: url(https:\/\/stroppel-meckenbeuren.de\/wp-content\/uploads\/2016\/09\/reifen2.jpg);\"> &nbsp; <\/div><div class=\"container\">\r\n\t\t\t\t\t\t\t\t\t<div class=\"content\"><h2>Willkommen bei STROPPEL !<\/h2><p  ><span>R\u00e4der - Reifen - Autoservice<\/span><\/p><\/div>\r\n\t\t\t\t\t\t\t\t<\/div><!--\/container--><div class=\"video-texture active_texture\"> <span class=\"ie-fix\"><\/span> <\/div><\/div><!--\/swiper-slide--><\/div><div class=\"nectar-slider-loading \"> <span class=\"loading-icon none\">   <\/span> <\/div> <\/div> \r\n\t\t\t\t\r\n\t\t\t<\/div><\/div>\n<p><img loading=\"lazy\" class=\"alignnone size-medium wp-image-581\" src=\"https:\/\/stroppel-meckenbeuren.de\/wp-content\/uploads\/2016\/09\/IMG_1402-300x225.jpg\" alt=\"img_1402\" width=\"300\" height=\"225\" srcset=\"https:\/\/stroppel-meckenbeuren.de\/wp-content\/uploads\/2016\/09\/IMG_1402-300x225.jpg 300w, https:\/\/stroppel-meckenbeuren.de\/wp-content\/uploads\/2016\/09\/IMG_1402-768x576.jpg 768w, https:\/\/stroppel-meckenbeuren.de\/wp-content\/uploads\/2016\/09\/IMG_1402-1024x768.jpg 1024w\" sizes=\"(max-width: 300px) 100vw, 300px\" \/> <img loading=\"lazy\" class=\"alignnone size-medium wp-image-581\" src=\"https:\/\/stroppel-meckenbeuren.de\/wp-content\/uploads\/2016\/09\/IMG_1404-300x225.jpg\" alt=\"img_1404\" width=\"300\" height=\"225\" \/> <img loading=\"lazy\" class=\"alignnone size-medium wp-image-582\" src=\"https:\/\/stroppel-meckenbeuren.de\/wp-content\/uploads\/2016\/09\/IMG_1407gedreht.jpg\" alt=\"img_1407gedreht\" width=\"265\" height=\"225\" \/><a href=\"https:\/\/stroppel-meckenbeuren.de\/wp-content\/uploads\/2016\/09\/Bild-3-Copy.jpg\"><img loading=\"lazy\" class=\"alignnone wp-image-76 \" src=\"https:\/\/stroppel-meckenbeuren.de\/wp-content\/uploads\/2016\/09\/Bild-3-Copy-300x200.jpg\" alt=\"\" width=\"336\" height=\"224\" srcset=\"https:\/\/stroppel-meckenbeuren.de\/wp-content\/uploads\/2016\/09\/Bild-3-Copy-300x200.jpg 300w, https:\/\/stroppel-meckenbeuren.de\/wp-content\/uploads\/2016\/09\/Bild-3-Copy-1024x683.jpg 1024w, https:\/\/stroppel-meckenbeuren.de\/wp-content\/uploads\/2016\/09\/Bild-3-Copy.jpg 1620w\" sizes=\"(max-width: 336px) 100vw, 336px\" \/><\/a><\/p>\n<p><strong>Seit \u00fcber 20 Jahren finden Sie bei Stroppel alles rund um Rad und Reifen:<\/strong><\/p>\n<div class=\"wbxMediaTypeContent wbxMediaTypeHtmlBox001 clearfix \">\n<ul>\n<li>PKW, Motorrad und LKW Reifen<\/li>\n<li>Achsvermessung<\/li>\n<li><a href=\"http:\/\/konfigurator.premio.de\" target=\"_blank\" rel=\"noopener noreferrer\">Felgenberatung<\/a><\/li>\n<li>fachgerechte Reifenmontage<\/li>\n<li>Reifenreparaturen jeglicher Art<\/li>\n<li>professionelle Einlagerung Ihrer R\u00e4der<\/li>\n<li>Radw\u00e4sche<\/li>\n<\/ul>\n<p>&#8230;&#8230; und vieles mehr<\/p>\n<p>Durch unsere kompetente Beratung, unser geschultes Personal und eine gro\u00dfe Auswahl an Reifen und Zubeh\u00f6r, k\u00f6nnen wir Ihnen einen erstklassigen Service in unserer modernen Werkstatt bieten.<\/p>\n<h4>Weiterhin k\u00f6nnen Sie in unserem Kfz-Servicebereich:<\/h4>\n<ul>\n<li>Kfz-Reparaturen<\/li>\n<li>Inspektionen<\/li>\n<li>\u00d6lservice<\/li>\n<li>Klimaservice<\/li>\n<li>Bremsenservice<\/li>\n<li>Glasreparaturen und Scheibentausch<\/li>\n<li>HU<\/li>\n<li>AU<\/li>\n<\/ul>\n<p>&#8230;&#8230; und vieles mehr durchf\u00fchren lassen.<\/p>\n<h4>Dar\u00fcber hinaus bieten wir Tuning und Fahrzeugveredelung:<\/h4>\n<ul>\n<li>Leistungsoptimierungen<\/li>\n<li>Sportliche Alufelgen<\/li>\n<li>Fahrwerkstieferlegung und -Optimierung<\/li>\n<li>Abgasanlagen<\/li>\n<li>Vespa Zubeh\u00f6r und Teile<\/li>\n<\/ul>\n<h4>Unsere aktuellen \u00d6ffnungszeiten:<\/h4>\n<p>Montag-Freitag\u00a0\u00a0 8:00-12:00 Uhr und 13:00-17:00 Uhr<br \/>\nSamstag\u00a0\u00a0\u00a0\u00a0\u00a0\u00a0\u00a0\u00a0\u00a0\u00a0\u00a0\u00a0 9:00-12:00 Uhr nach Vereinbarung<\/p>\n<h1><span style=\"color: #ff0000;\">\u00a0<\/span><\/h1>\n<p><span style=\"color: #ff0000;\">\u00a0<\/span><\/p>\n<\/div>\n<div class=\"wbxMediaTypeContent wbxMediaTypeHtmlBox001 clearfix \">\n<h4>Wir freuen uns auf Ihren Besuch !<\/h4>\n<\/div>\n","protected":false},"excerpt":{"rendered":"<p>Seit \u00fcber 20 Jahren finden Sie bei Stroppel alles rund um Rad und Reifen: PKW, Motorrad und LKW Reifen Achsvermessung Felgenberatung fachgerechte Reifenmontage Reifenreparaturen jeglicher Art professionelle Einlagerung Ihrer R\u00e4der&#8230;<\/p>\n","protected":false},"author":1,"featured_media":0,"parent":0,"menu_order":0,"comment_status":"closed","ping_status":"closed","template":"","meta":[],"_links":{"self":[{"href":"https:\/\/stroppel-meckenbeuren.de\/index.php\/wp-json\/wp\/v2\/pages\/22"}],"collection":[{"href":"https:\/\/stroppel-meckenbeuren.de\/index.php\/wp-json\/wp\/v2\/pages"}],"about":[{"href":"https:\/\/stroppel-meckenbeuren.de\/index.php\/wp-json\/wp\/v2\/types\/page"}],"author":[{"embeddable":true,"href":"https:\/\/stroppel-meckenbeuren.de\/index.php\/wp-json\/wp\/v2\/users\/1"}],"replies":[{"embeddable":true,"href":"https:\/\/stroppel-meckenbeuren.de\/index.php\/wp-json\/wp\/v2\/comments?post=22"}],"version-history":[{"count":69,"href":"https:\/\/stroppel-meckenbeuren.de\/index.php\/wp-json\/wp\/v2\/pages\/22\/revisions"}],"predecessor-version":[{"id":701,"href":"https:\/\/stroppel-meckenbeuren.de\/index.php\/wp-json\/wp\/v2\/pages\/22\/revisions\/701"}],"wp:attachment":[{"href":"https:\/\/stroppel-meckenbeuren.de\/index.php\/wp-json\/wp\/v2\/media?parent=22"}],"curies":[{"name":"wp","href":"https:\/\/api.w.org\/{rel}","templated":true}]}}